 s(t) = t**3 + 2*t**2 + t + 1. Suppose 104 = 4*w + 20. Let q = -23 + w. Calculate s(q).
-1
Let h(n) be the second derivative of n**3/6 + 2*n**2 + 6*n. What is h(3)?
7
Let h(b) be the third derivative of -b**4/12 - b**3 + 21*b**2. Determine h(-7).
8
Let r(t) = -t - 5. Let i be r(-7). Let f(s) = 2 - s**i - 3*s - 2 + 4 - 3. Calculate f(-4).
-3
Let g be (1 + -2)*(-1 + 2). Let j(s) = 8*s**2 + s. What is j(g)?
7
Suppose m - 3*m = -2*k - 12, m - 1 = -4*k. Let v(h) = h**2 - 4*h - 5. Let n be v(m). Let s(u) = -u**2 + u - 6. What is s(n)?
-6
Let n(b) = -b**3 + 8*b**2 + 9*b - 6. Let x be -3 + (10 - 3) + 5. What is n(x)?
-6
Suppose 25 = -5*o, -1 = -5*c - 5*o - 6. Let k(n) = -n + 39 - 18 - 20. Give k(c).
-3
Suppose -5*f + 6 + 14 = 0. Let o(x) = -x - 1. Let l be o(-3). Let y(h) = 3*h - 4*h**2 - h - 1 + h**3 + l. Calculate y(f).
9
Let z(k) = -k**3 + 7*k**2 - 5*k - 7. Suppose n + 2*n - 6 = 0. Let q = n + 4. Let r be z(q). Let j(v) = 9*v**3 - v - 1. Determine j(r).
-9
Let x be 1*(-2 + 5)*1/(-3). Let q(t) = 5*t**3 + t**2 + t. Calculate q(x).
-5
Let p(m) be the second derivative of -m**3/3 + 7*m**2/2 + m. Let h(q) = -q**3 - 3*q**2 + 2*q - 3. Let a be h(-4). Suppose 2*f - 5 = a. Give p(f).
-3
Let o = 0 + 3. Let s(t) = -t + 2. Give s(o).
-1
Let g(k) = 4*k - 1. Let m(s) = 6*s + 2. Let v(b) = -13*b - 3. Let a(d) = -5*m(d) - 3*v(d). Let p(c) = 2*a(c) - 5*g(c). Determine p(5).
-7
Let w(u) = u**3 - 3 - u**3 - 3*u + u**3 - 3*u**2. Suppose 8 = s + 4. Determine w(s).
1
Let v be -1 + 0 + (0 - -2). Let f(u) be the first derivative of -5*u**2 - u - 52. What is f(v)?
-11
Let n(h) = h + 8. Let o(y) = 4*y + 7 - 6*y + 3*y. Let z(v) = 4*n(v) - 5*o(v). What is z(-3)?
0
Let h(i) = i - 5. Suppose -55 - 17 = -4*o - f, 3*f = -3*o + 54. Suppose -2*z + o = 8. Calculate h(z).
0
Let p be 20/3*(-42)/(-35). Let s be (105/(-28))/((-3)/p). Suppose 2*b + s = 4*w - 10, -5*w + 11 = b. Let q(z) = -z + 1. Calculate q(w).
-2
Suppose -4*d + 3*d + 14 = 0. Let x = -19 + d. Let y(r) = -r - 6. Calculate y(x).
-1
Let p(c) = -c**2 - 10*c - 7. Suppose 0 = 24*l - 23*l + 7. Calculate p(l).
14
Let r be 6/(-12)*16/(-2). Let s(w) = -5*w**3 - r + 0 + 2 - w**2 - w + 3. Let m be (-1)/(-3) + 2/3. Give s(m).
-6
Let n(c) = -c**3 + 8*c**2 - 11*c + 24. Let h be n(7). Let j(x) = x**3 + 3*x**2 - 5*x - 1. What is j(h)?
3
Let k(h) = h**3 - h**2. Let t(i) = -4*i**3 - i**2 + 4. Let n(m) = -3*k(m) - t(m). Suppose 5*a - 3*b + 6 = 0, b - 6 = 2*a + a. Determine n(a).
5
Suppose -3 - 1 = -q. Let h(a) = a**3 - 5*a**2 + 7*a - 6. Give h(q).
6
Let t(q) = 2*q**3 - 2*q**2 + 3*q - 5. Let d(p) = 5*p**3 - 3*p**2 + 5*p - 11. Let f(o) = -3*d(o) + 7*t(o). Determine f(-6).
-2
Let o(m) = m**3 + m**2 - m + 5. Let j be (-5)/((-10)/8) - 2. Suppose 3*k - 10 = j*k + 2*v, 25 = 2*k - 5*v. What is o(k)?
5
Let x = -1 + 4. Let z(j) be the second derivative of -j**4/12 + j**3/6 - j**2 - 30*j. Determine z(x).
-8
Let i = -180 - -177. Let a(u) = -3*u + 1. Determine a(i).
10
Suppose 0*f = 2*f + 10, 0 = -4*j + 4*f + 124. Suppose -4 = l + j. Let n be ((-36)/l)/((-4)/(-10)). Let o(v) = -v**2 + 2*v + 2. Give o(n).
-1
Let l(x) = -3*x**2 + 2. Let m be (-2)/(-8) - 15/(-4). Let p be 118/12 - m/(-24). Suppose -6*i - p = -i. Calculate l(i).
-10
Let n(h) = -h**2 - 8*h - 4. Let j(x) = -3*x**2 + 4. Let g be j(2). Calculate n(g).
-4
Let v(u) = -u**3 + 3*u**2 + 3*u - 1. Let w(h) = -h. Let p = 0 + -2. Let d be w(p). Calculate v(d).
9
Suppose -4*u + 8 = -u + 4*a, 2*u + 4 = 2*a. Let v(p) be the third derivative of p**5/60 + p**4/24 - 7*p**3/6 + p**2. Determine v(u).
-7
Suppose -3 = -2*j - 5. Let u(o) = 4*o + 1. Let t(y) = -y - 1. Let r = -5 - 0. Let d(z) = j*u(z) + r*t(z). Calculate d(-4).
0
Let j(u) = -2*u**2 + 3*u + 1. Let x(c) be the third derivative of -c**6/120 + 7*c**5/60 + c**2. Let l be x(7). Suppose 15 = 5*y - l. Give j(y).
-8
Let f(l) = 5*l + 2 + 0*l - 4*l. Calculate f(-5).
-3
Let b = -7 + 4. Let s = b + 3. Suppose 0*h - 3*h = s. Let g(z) = z + 6. Give g(h).
6
Let m(j) = -3*j + 3. Let p(v) = 4*v - 4. Let c(z) = 3*m(z) + 2*p(z). Calculate c(3).
-2
Let v(l) = l**3 + 2*l**2 - l + 1. Let g = -70 - -67. Determine v(g).
-5
Let y(p) = 4 - 2 + 2*p**3 + 5*p**2 - 8*p**2 - p**2. Determine y(3).
20
Let h(r) be the first derivative of -r**3/6 - 2*r**2 - 3*r + 1. Let i(m) be the first derivative of h(m). Calculate i(3).
-7
Let o(v) be the third derivative of -v**6/120 + v**5/15 - v**4/6 + 2*v**3/3 + 33*v**2. Give o(3).
1
Let g(l) = l**2 - 9*l + 9. Let a be g(8). Let w(i) = 3*i**3 - i**2 + 1. What is w(a)?
3
Let l(d) = 2*d**2 + 21*d - 1. Let p(s) = s**2 + 10*s. Let b(t) = 2*l(t) - 5*p(t). Give b(-7).
5
Let a(l) = 3*l - 5. Let k(v) = -7*v + 11. Let o(b) = -9*a(b) - 4*k(b). What is o(-1)?
0
Let t be 5 + (1 - 0) + -1. Let j(i) = -i**3 + 5*i**2 - i - 6. Calculate j(t).
-11
Let j(r) = 0 + 3*r**2 + 1 - 2*r**2 - 3*r**2 + 4*r. Suppose 3*f = 2*f + 3. Determine j(f).
-5
Let v(f) = 5*f. Let j(y) = 9*y - 1. Let r(s) = -6*j(s) + 11*v(s). Calculate r(-3).
3
Let v(i) = -i**2 + 14*i + 16. Let s be v(15). Let a(k) = 0 - k + 6 - k + s. Give a(5).
-3
Let i be 23/5 - (-6)/15. Let v = -9 + i. Let r be -4 + 2 + v/2. Let y(q) = 3*q + 6. What is y(r)?
-6
Let a(j) be the first derivative of 5*j - 3 - 1/2*j**2 - 1/3*j**3. Give a(-4).
-7
Let p(m) = m**3 - m**2 + m + 1. Let a be p(0). Let x(j) = 3 - a + j + 4*j**2 - 3. Let t be -1 + 7 - 4 - 1. Calculate x(t).
4
Let a(y) = -4*y**2 - 2*y - 20. Let s(c) = c**2 + c + 6. Let n(g) = 3*a(g) + 10*s(g). Determine n(3).
-6
Suppose 5*k + 58 = 188. Let r = k - 19. Let t(g) = -g**2 + 6*g + 6. What is t(r)?
-1
Let a(f) = -f**2 + 6*f - 5. Suppose 20 = j + 3*j. Let o be a(j). Let q(s) = -137 + s - 2*s + 139. What is q(o)?
2
Let l(p) = -p**3 + 4*p**2 + p. Let i be -1 - 10*1/(-2). What is l(i)?
4
Suppose 2*r - 36 = 5*r + 3*j, 42 = -3*r - 5*j. Let g = 5 + r. Let c(x) = 2*x - 2. Determine c(g).
-10
Let c(d) be the first derivative of 0*d**2 + 4 + 1/3*d**3 + d. Determine c(-2).
5
Let w(o) = -o + 10. Let h(x) = -x + 1. Let n(k) = -3*h(k) + w(k). What is n(-7)?
-7
Let d be (6/4 - 2)*8. Let l(q) = q**2 + 4*q + 5. Calculate l(d).
5
Let m be (1 - 1/(-1)) + 0. Let p(f) = -16*f + 5. Let r(z) = 3*z - 1. Let j(y) = m*p(y) + 11*r(y). Give j(-4).
-5
Let o(a) = -2*a + 0*a**2 + 0*a**2 - 1 - a**2. Determine o(-2).
-1
Let g be (1/(-3))/((-1)/9). Let b be ((-14)/21)/(2/g). Let x(m) = 2*m**2 - m. Give x(b).
3
Let o(d) = d**3 - 5*d**2 + d - 6. Suppose 3*j = -2*x + 9, 0 = 3*j + 5*x - 6*x - 18. What is o(j)?
-1
Suppose -4*y = -17 + 21. Let i(w) = -5*w**2 - 8*w - 1. Let h(c) = c. Let t(o) = 6*h(o) + i(o). What is t(y)?
-4
Let v(c) = -c + 3. Let l be v(3). Let m(w) = w**2 + 7. Let d be m(l). Let g = d + -12. Let u(h) = h**3 + 5*h**2 - 3*h - 6. Give u(g).
9
Let w be (-26)/(-5) - 2/10. Let r(u) = -u + u**2 + w*u**2 - 4*u**2 - 4*u**2. What is r(2)?
-10
Let v(b) = b + 1. Let t(n) = 3*n + 5. Let s(d) = t(d) - 4*v(d). Let y(a) = -a**3 - 3*a**2 + a. Let m be y(-3). Calculate s(m).
4
Suppose -r + 6 = 2*b, 3*r - 5*b = -r + 11. Let c(a) = a**2 - 3*a + 4. Give c(r).
8
Let r(d) = d**3 + 19*d**2 + d + 19. Let q be r(-19). Let j(v) = 0 - 3 - v**2 - v - 6. What is j(q)?
-9
Let p be -2*((-27)/(-6))/(-9). Let b(k) = 4*k**3 - k**2 + 1. Determine b(p).
4
Let f(p) = -p**2 + 2*p + 4. Let i(m) = -m + 5. Let j be i(0). Suppose -j*w + 21 = -2*w. Let h be 2*-1 + w + -1. What is f(h)?
-4
Let w(b) = 5*b + 5. Let a(g) = 16*g + 15. Let x(q) = 2*a(q) - 7*w(q). Determine x(-6).
13
Let d be 3/2*(2 + 0). Suppose 2*n = -5*l - 0*n + 14, 2*l - 5*n - 23 = 0. Let c(g) = g + l*g - 4*g + 1. Give c(d).
4
Let u(r) be the third derivative of r**5/15 - r**4/8 + r**3/3 + 11*r**2. Calculate u(2).
12
Let y(b) = -b - 4. Suppose -2 = -j - 4. Let z be 1/j*10/1. What is y(z)?
1
Let k(g) = -4*g - 4. Let v be k(-5). Let o = v - 11. Let f(z) = 4*z**2 - z + 4. Let j(q) = q**2 - q. Let u(r) = f(r) - 5*j(r). What is u(o)?
-1
Let c(j) = j**3 - 3*j**2 + 2*j. Let w = 7 + -3. Suppose v - 4*q = -4*v - 38, w*v + 55 = -5*q. Let g be 4/1 - v/(-5). Calculate c(g).
0
Let d(p) = -9*p + 6*p + 4*p + 0*p. Determine d(-2).
-2
Let k be -2 - (8 - 2)/((-2)/1). Let a(t) = 3*t - 1. Determine a(k).
2
Let z(f) be the second derivative of -f**5/20 + f**4/12 - f**3/6 - f**2/2 - 4*f. Give z(2).
-7
Let i(d) be the second derivative of -d**5/20 - d**4/6 - d**3/2 - d**2/2 + 9*d. 